
Evaluate 2 - -2 - (-2 - (-4 - 1)).
1
Evaluate (-5 - -2 - 1) + -1 + 7.
2
Evaluate -240 + 243 + (-6 - (0 + -2)).
-1
Calculate 0 - (8 - (1 - -3)).
-4
Calculate -8 + -3 + 17 + -7.
-1
Calculate 70 + -73 + -1 + 9.
5
-4 - (-5 + -1) - (-2 - -1)
3
Calculate (45 - 51) + 1 + 0 + 8.
3
What is 2 + -3 - ((-2 - 1) + -5)?
7
2 - (-2 - -3) - 3 - -3
1
What is the value of (1 - 2 - 6) + 8?
1
Evaluate (-4 - -2) + -2 - -3 - -5.
4
What is -11 + (0 - (-11 + -8))?
8
What is -1 - (5 - 14) - 3 - 7?
-2
2 - -3 - 5 - (0 + 1)
-1
What is the value of -8 - (-10 + 3 + (-3 - -7))?
-5
What is (-4 + 26 - 8) + -12?
2
Calculate 7 - (6 + 5 + 2).
-6
What is 1 + (-6 - ((-2 - 4) + 2))?
-1
What is the value of (-5 - (-4 + 2)) + (5 - -3)?
5
Evaluate -4 + 2 - (36 - 30).
-8
-3 + 2 + (3 - 8)
-6
-2 + (-6 - -4) + 2 - -1
-1
4 + (-5 - -4) - 6 - -1
-2
13 + (10 - 21 - -6)
8
What is the value of 3 - (6 + -3) - (2 + 2)?
-4
Evaluate -2 + (-2 - -1) + 4.
1
What is the value of (33 - 27) + (-1 - 0)?
5
What is the value of -5 + -4 + 2 + 6?
-1
What is the value of 3 + 1 - (0 + 0)?
4
Calculate 3 - (0 - (-3 - 0 - -5)).
5
Evaluate -6 - (-4 - -4 - 4).
-2
What is the value of -2 - (-5 - -3 - -2)?
-2
What is the value of 8 + 6 + -9 + -2?
3
Calculate 0 + (0 + 4 - 0) + -4.
0
What is -4 - (0 + 2 + (-3 - 0))?
-3
(-9 - -9 - 10) + 11
1
What is the value of -4 - -2 - -5 - (4 + 0)?
-1
Evaluate 4 + (1 - (15 + -5)).
-5
Evaluate (-6 - (5 - 0 - 4)) + 6.
-1
Evaluate -7 - (10 + -17 - -7).
-7
What is the value of 2 - ((-13 - -9) + -1)?
7
Calculate (-1 + (3 - 2) - -5) + -7.
-2
What is 7 + -24 + (13 - 2)?
-6
(20 - 8 - 9) + 1 + -4
0
What is 0 + 6 - (-4 + 4 - -5)?
1
Evaluate 2 + (-30 + 32 - (1 - -1)).
2
What is the value of -191 - -192 - (5 - (1 + 0))?
-3
Calculate (0 - 5 - -6) + 1 + 2.
4
0 - 1 - (-1 + (4 - 8))
4
What is 5 + (2 + 0 - -1 - 4)?
4
3 + -1 + -1 + -2 + 2
1
What is -1 + -1 + 2 - (-14 - -5)?
9
Calculate 5 - (8 + -5 + 5).
-3
What is -1 + (-7 - (-11 - 4) - 11)?
-4
What is (6 - 4 - 3) + 4?
3
Evaluate 0 + -2 + -1 - (-6 - 6).
9
-14 - -5 - (-13 + 13)
-9
What is 1 + (-11 + 6 - 0) + 2?
-2
Calculate 0 + 0 - (-63 + 60).
3
Calculate -4 + 7 - -2 - -1.
6
What is 9 + (-5 - -1 - 1)?
4
Calculate -7 + 1 + (4 - (-3 + 10)).
-9
What is -1 + -11 + (6 - 1)?
-7
-3 + 1 + -2 - (1 - 4)
-1
Evaluate (-5 - (-3 - -3)) + 7.
2
Calculate 2 + -5 - (5 - 7).
-1
Calculate -7 - (9 + (-3 - 13)).
0
What is -10 + 9 - ((-4 - -3) + 0)?
0
Evaluate -1 + -5 + -4 + 6.
-4
7 + 0 + 4 + -7 + 0
4
What is 9 - (10 + -7 + (2 - 1))?
5
What is the value of (5 - 1) + -4 - (6 + -2)?
-4
0 + -2 + (-1 - -1 - 1)
-3
What is 8 + -10 + 1 + -3?
-4
Calculate -10 - -5 - (-2 + -3 + 4).
-4
What is -5 - (2 - (-4 + 9))?
-2
Evaluate 0 + -6 + (7 - 1 - 6).
-6
-35 - -42 - (4 + 1)
2
Calculate -1 - (1 + 0 - 4).
2
What is -68 - -74 - (0 - -2)?
4
Calculate (2 - -4 - 16) + 5 + 1.
-4
12 - 2 - 1 - 8
1
-2 - ((-2 - 7) + 4)
3
Evaluate -15 - -6 - -26 - 8.
9
Calculate -9 + (8 - (-1 + 3)).
-3
Evaluate -1 + -4 + -45 + 46 - 1.
-5
What is 7 + (12 - 19) + (7 - 1)?
6
Calculate (2 - -2 - (2 - 2)) + -7.
-3
Calculate (-84 - -86) + (9 - (-2 + 4)).
9
3 - ((-8 - -4) + 10 - 2)
-1
Calculate (-3 - 1) + (1 - -2) - -3.
2
What is 0 + (7 - (-3 - -4))?
6
Calculate -5 - (8 + -4) - -11.
2
Evaluate (0 - (-6 - -9)) + (-1 - 1).
-5
Calculate 28 - 11 - 7 - 16.
-6
What is the value of (4 - (3 - -2)) + 0?
-1
What is the value of 3 - -6 - -5 - 4?
10
Evaluate 1 - (0 + (-6 - -9)).
-2
Evaluate (1 - -1) + (12 - 10).
4
What is -1 - 2 - (66 - 64)?
-5
What is the value of -6 + -1 - (0 + -3)?
-4
(4 - (4 + -6)) + (10 - 10)
6
0 + -3 + -11 + 5 + 10
1
Evaluate 6 - (0 + 10) - (0 - 5).
1
What is 4 + (-4 - -1) - -2?
3
-2 - (1 + (-4 - -4) - -1)
-4
What is the value of -2 + 5 + -6 + (-10 - -13)?
0
Evaluate 2 - (-7 - (1 + 5 - 12)).
3
What is -2 + (3 - -1) + 0 + -5?
-3
(-1 - 0) + 11 - 12
-2
What is 3 + 1 + (-3 - 0) - 0?
1
6 + -7 + 4 + -2 - 2
-1
Evaluate -18 + 13 - ((1 - 5) + -6).
5
1 + -4 - -8 - 8
-3
-4 + (0 - -2) + -2
-4
What is the value of -1 + (-1 - (5 + -6 - -6))?
-7
Evaluate (2 - 0) + (0 - 1).
1
3 + -1 + (-2 - -1 - -4)
5
What is the value of (4 - 0 - -1 - 2) + -7?
-4
What is the value of (6 - -6) + 4 + -10?
6
What is -1 + (-1 - -4) + 1 + 2?
5
(2 - (2 + 1)) + -2
-3
What is 0 + 3 + -4 - (-18 - -14)?
3
Calculate 1 + 3 - (1 - -2).
1
Evaluate -2 + -1 - (12 - 17).
2
What is the value of 2 - (3 - 3) - 17 - -7?
-8
Evaluate -7 + (1 - 4) + 8 + 2.
0
0 + (-1 + 7 - (18 + -10))
-2
What is the value of (-3 - -2) + -2 + -7 - -4?
-6
Evaluate 5 + (6 - -4) + -7.
8
Evaluate 2 - -2 - 8 - (-7 + 0).
3
Evaluate 13 - 7 - (6 + -4).
4
Evaluate -9 - ((-2 - 4 - -3) + 3).
-9
Evaluate (1 - 4) + -5 + 6.
-2
4 + -6 + -2 - (-10 + 3)
3
What is 1 + -3 + 0 + -2 + 0?
-4
Evaluate (-4 - -4 - (-6 + 2)) + -1.
3
What is the value of -1 - (-4 + 0 + -3)?
6
What is 6 - ((-1 - -3) + (4 - 0))?
0
What is 8 - (-4 + (10 - 4))?
6
Evaluate (-8 - -7) + 2 + -6.
-5
Calculate -7 + 7 + 3 + 6.
9
What is (-3 + 8 + -1 - 17) + 5?
-8
5 + -4 + (-1 - -2)
2
(-11 + 10 - (0 - 7)) + -1
5
Evaluate -2 - (-6 - 0) - 4 - -4.
4
What is the value of -1 - 4 - (3 - (-4 + 9))?
-3
What is the value of (-1 - 3) + 1 + (-186 - -188)?
-1
Evaluate 5 + (3 - (16 - (6 - 2))).
-4
13 + (5 - (-8 + 18))
8
-1 + (-4 - (-3 + -1))
-1
What is (1 - 5) + (4 - (-2 - 0))?
2
What is the value of -7 - ((-8 - -4) + -6)?
3
-7 + 2 - (8 + -8 + -2)
-3
What is -1 + -5 - (-32 - (-17 - 1))?
8
What is (-4 + (3 - -14) - 5) + -6?
2
1 + -4 + 35 + -33
-1
Calculate 10 + -11 + (0 - -1 - -2).
2
What is -4 + 0 + -5 - -4?
-5
What is -14 + 13 - (1 - (-1 - 3))?
-6
What is the value of (-3 - (-8 - -3)) + -5 + -3?
-6
What is the value of -1 + (-1 - (1 + -4))?
1
What is the value of 0 + (1 - -3) - (7 + -8)?
5
What is the value of -1 + 3 + 4 + 0 + -6?
0
What is the value of 4 - (1 + 8 - 4)?
-1
Calculate 14 + (15 - 15) + -3.
11
What is (-9 - -12) + (-6 - (-3 - -3))?
-3
Evaluate (-1 - -2) + -3 + 2 - 3.
-3
(4 - -2) + 2 - (-4 + 7)
5
What is 8 - (2 - (-1 + -1 + 1))?
5
Calculate -1 + (-7 - -5) + 2.
-1
0 + 1 + (19 - 16)
4
What is 3 + -3 + -1 + -3?
-4
1 - -2 - (-4 + (18 - 8))
-3
4 + -4 + (5 + -3 - 3)
-1
What is -6 - ((7 - 17) + 2)?
2
-5 + -6 + -7 + 12
-6
-11 - ((3 - 10) + 5 + -3)
-6
Evaluate -2 + (4 - 2 - -2).
2
Evaluate 4 - (2 + -3 - (-2 - -1)).
4
What is 5 - (1 + -7 + 3 + 3)?
5
Evaluate 2 + (-13 - -6) - (3 + -14).
6
Evaluate 0 + -3 - (0 - (9 + -4)).
2
0 - 1 - (-24 + 18)
5
7 + 6 + -9 + 1
5
What is 4 + 4 + -1 - (-3 + 14)?
-4
What is (5 - (2 - 4)) + -3 + 0?
4
(-4 + -3 - (4 - 8)) + -3
-6
What is (-1 - 0) + (-13 - (-21 - -11))?
-4
What is 6 + (-1 - -1) + -4?
2
What is 6 + -2 + -4 - 1?
-1
Evaluate 3 + 0 + -7 + 1.
-3
Evaluate (-4 - -7 - 7) + 0.
-4
-3 - (5 + 1 + -4 + 0)
-5
Calculate 6 + -2 + -4 + -1 - -3.
2
What is the value of 0 + 7 + 2 + -7?
2
What is 1 - (11 - (-4 - -15 - 6))?
-5
Evaluate 3 + (1 + -2 - (-20 - -21)).
1
Evaluate (-6 - -1 - (26 - 33)) + -3.
-1
(0 - -4) + -6 + 7
5
3 - (2 - (4 + -4) - 5)
6
(-1 - (5 + -4)) + (5 - 0)
3
4 + -4 - 5 - -4
-1
(-7 - 1) + 4 - -1 - 2
-5
1 + -1 + (4 - 7)
-3
Calculate 0 + 7 + (28 - 27) + -3.
5
Calculate 7 + 5 + -17 + 6.
1
Calculate 7 + -1 - (9 + -1 - 1).
-1
What is the value of 2 - ((0 - -2) + 1)?
-1
Calculate 1 + -2 - (-4 + (-4 - -7)).
0
What is 0 + (3 - (-11 - -20))?
-6
What is the value of -10 + 1 + (-2 - (-10 - -3))?
-4
What is the value of (4 - 4) + 4 + (-4 - 0)?
0
Calculate -1 + 1 + (3 - (1 - 0)).
2
0 - (-2 - -4 - 0)
-2
(-10 - (-17 - -8)) + (1 - 0)
0
Calculate 0 + -4 + 0 + 0.
-4
What is -4 + (0 - 1 - -8) - 0?
3
Evaluate -2 + (-19 + 15 - (-4 - -1)).
-3
What is 0 + (-1 - 1) + -1?
-3
Calculate (-4 - -1 - -1) + 6.
4
Evaluate 5 - (10 - 3) - (-2 + 5).
-5
What is (10 - 17) + (11 - 2)?
2
Calculate 6 - ((-2 - -1) + (5 - 1)).
3
Evaluate -4 + 2 + (-4 - -5).
-1
(0 - 2) + (-4 - (7 + -13))
0
1 - ((1 - -5 - 0) + -9)
4
What is 0 + (-1 - (-11 + 5 + -5))?
10
What is (-10 + 6 - -4) + 3 - 5?
-2
Evaluate 6 + (-5 - -5 - 8) + 6.
4
What is 1 - 6 - ((-4 - -3) + -2)?
-2
What is the value of -76 + 81 + 1 + -2?
4
What is the value of 2 + -6 - (-1 - 1)?
-2
Calculate -1 - (2 + 3 + -1 + -2).
-3
What is -2 + 4 + -6 + 5?
1
-2 - -6 - (1 + 3)
0
Calculate 2 + (1 - (-1 - -1)) + 0.
3
What is the value of 3 - 3 - 2 - 1 - -1?
-2
-4 + 1 + 4 + 2
3
What is (-4 - -1) + (4 - 12) + 7?
-4
Calculate 3 + (-2 - (-3 + 2)).
2
What is -7 + (2 - 0) + 7?
2
Evaluate (-4 - (-1 + -1)) + 0 + 2.
0
W